t*w + 0 = -4. List the prime factors of p.
3
Let m(l) = 33*l - 8. Let y be m(4). List the prime factors of (y/(-6))/(8/(-36)).
3, 31
Let w be (-209)/(-95) + (-1)/5. Suppose 3*y = -2*f - 6, -7*f + 19 = -w*f - y. What are the prime factors of f?
3
Suppose -5*x = 5*t - 5020, 4*t + 2998 = 7*x - 4*x. What are the prime factors of x?
2, 3, 167
Suppose 3*a = -2 - 10, 0 = -5*d - a + 261. Suppose -5*r - 5*c + 2 = -8, -5*r - c = -18. Suppose d = -r*y + 229. List the prime factors of y.
2, 11
Suppose -2*z + 5*z = 4*b - 1922, -3*z = -5*b + 2404. List the prime factors of b.
2, 241
Let u be 40/2*15/60. Suppose -2*i + i + 2*a = -40, -3*a = -u*i + 228. What are the prime factors of i?
2, 3
Let n(c) = 76*c - 4 - 6 + 12. List the prime factors of n(1).
2, 3, 13
Suppose t - 4*s = -1, -1 + 4 = -3*t + 5*s. What are the prime factors of t/((-2)/(-1 + 23))?
11
Let t(z) = z**2 + 12*z - 11. Let j be t(-13). Suppose 0*u - 4 = j*u. What are the prime factors of 18*1 + 6/u?
3, 5
Suppose -66 = 30*p - 33*p. Suppose 2*k + p = -3*z, 2*z + 37 = -2*z + 5*k. Let f = 14 + z. List the prime factors of f.
2, 3
Let b(f) = -10*f - 33. Suppose 3*r + 7 = -44. List the prime factors of b(r).
137
Let o = -142 + 277. List the prime factors of o.
3, 5
Let g = -269 + 1918. List the prime factors of g.
17, 97
Let c(h) = 2*h**2 + 4*h. Let r(i) be the first derivative of -2*i**3 - i**2 - i - 7. Let l be r(-1). List the prime factors of c(l).
2, 3, 5
Suppose 3*v - 18448 = -5*t, 32*t + 14756 = 36*t + 3*v. List the prime factors of t.
2, 13, 71
Let i(o) = 5*o**3 - 9*o**2 + 4*o - 15. Let u(v) = 7*v**2 + v. Let k be u(-1). Let j be i(k). What are the prime factors of j/33 + 6/(-33)?
23
Let q(z) = 3*z - 5. Let u(d) = -d - 1. Let i(a) = -q(a) - 4*u(a). Let y be i(-6). Suppose -y*b + b = -102. List the prime factors of b.
3, 17
Suppose -3*x = 2*x + 3*v - 752, 5*x - 2*v - 732 = 0. Suppose -5*o - 5*n + 8 + 22 = 0, -10 = -3*o + 5*n. Suppose -x = -o*c - 13. List the prime factors of c.
3
Let r = 32 - 29. Suppose 6*q - r = 5*q. Suppose -2*j = -2*a + 114, -q*a - 5*j + 23 = -140. List the prime factors of a.
2, 7
Let d = 202 + 395. What are the prime factors of d?
3, 199
Let z = -713 - -371. List the prime factors of (-4 + z/4)/(3/(-6)).
179
Let c(n) = -n**3 - 4*n**2 + 5*n + 1. Let b be c(-4). Let v(h) = -3*h - 34. What are the prime factors of v(b)?
23
Let t = -2658 + 5430. What are the prime factors of t?
2, 3, 7, 11
Let d(n) = 13*n**2 - 3*n - 6. Let c(m) = 3*m**3 + m + 2. Let s be c(-1). List the prime factors of d(s).
2, 13
Let b(z) = -z**2 + 18*z + 1. Let n(l) = -l**3 + 9*l**2 + 14*l - 24. Let a be n(10). What are the prime factors of b(a)?
3, 11
Let m(l) = -66*l + 129. What are the prime factors of m(-59)?
3, 149
Suppose d + d - 4 = 0, 4*d = 3*o - 3052. List the prime factors of o.
2, 3, 5, 17
Let o = 703 - 466. What are the prime factors of o?
3, 79
Let p = 574 + -487. What are the prime factors of p?
3, 29
Suppose 5*x = 2*t + 2989, 2*x - 1174 = -4*t + 12. List the prime factors of x.
3, 199
What are the prime factors of ((-2)/4)/(8/(-6370 + 2))?
2, 199
Let s(m) = m - 11. Let b be s(9). Suppose 46*i = 54*i + 16. What are the prime factors of (-42 - i)*(b + 1)?
2, 5
Let r be -2*(-1 + (-15)/(-6)). Let y be -6*(0 - 76/8). What are the prime factors of r*1/((-9)/y)?
19
Let s(m) = m**3 + m + 7. Let j be s(3). Let g = -31 + j. List the prime factors of g.
2, 3
Let l = 0 - -15. Let g = l - 19. List the prime factors of (-233)/g + 10/(-40).
2, 29
Let g be (-30)/(-6) + -3 + -4. Let i = -40 + 16. What are the prime factors of (-3)/g*(-656)/i?
41
Suppose -35*y + 40*y = 985. Suppose -112 = -q - 5*h, 3*h + y = 2*q + 4*h. List the prime factors of q.
97
Suppose 3*w - 1461 = 2*l - 5*l, 0 = 3*w + 6. What are the prime factors of l?
3, 163
Let c(j) = -j + 1. Let r(f) = -6*f - 17. Let q(x) = 5*c(x) - r(x). What are the prime factors of q(15)?
37
Suppose 0 = 2*f + 5*y - 3819, -3 = -2*y - 5. List the prime factors of f.
2, 239
What are the prime factors of (5220/40)/((-2)/80*-1)?
2, 3, 5, 29
Let i(g) = -g + 2. Let u(j) = 3*j - 2. Let b(q) = 18*i(q) + 2*u(q). What are the prime factors of b(-5)?
2, 23
Let i = 334 + -237. Let c = i + -4. List the prime factors of c.
3, 31
Suppose -2*z + 10 = 3*z, 0 = 5*h - 4*z + 8. Suppose h = 2*w + 47 - 229. List the prime factors of w.
7, 13
Suppose 3*y - 7545 = -14*z + 16*z, 2*y - 5030 = -5*z. List the prime factors of y.
5, 503
Suppose -26*h + 4*h = -20680. What are the prime factors of h?
2, 5, 47
Let k(d) = -d**3 + 2*d**2 + d. Let y be k(-1). What are the prime factors of y/5 + (-8721)/(-85)?
103
Suppose 0 = 4*c - 1455 + 155. Let n = -93 + c. Suppose -5*f + 97 - 289 = -4*m, -5*f + n = 4*m. What are the prime factors of m?
53
Let h be 5*7/105*1482/2. Suppose 5*m - 3*r - 648 = 0, h = 2*m - r - 13. What are the prime factors of m?
2, 3, 11
Suppose 5*q = -3*h + 4185, 28*h - 26*h + 4160 = 5*q. List the prime factors of q.
2, 3, 139
Suppose 36*m = 34*m + 4. Let t be 21 + -1 + (-2 - -2). Suppose l - m = t. List the prime factors of l.
2, 11
Let v(x) = -x**3 - 3*x**2 - 2*x + 2. Let j be v(-2). Let h = -8 + j. Let u = h + 16. List the prime factors of u.
2, 5
Suppose -2*x - 3*x = -6*x. Suppose 3*l + 5*w = l + 150, x = 5*l - w - 429. List the prime factors of l.
5, 17
Let i(s) = 4*s + 7. Let f be i(4). Suppose 0 = 2*r + 2, f = 5*k - 2*k - 5*r. What are the prime factors of 13 + k/2*-1?
2, 5
Suppose 3*p + 4921 = 1501. List the prime factors of (p/72 - (-2)/4)*-21.
2, 7, 23
List the prime factors of (-6 + 60/8)*76.
2, 3, 19
Let i = 8 + -5. Suppose -l - 5*c - 6 - 8 = 0, -4*l + 12 = i*c. Let g = l + 9. What are the prime factors of g?
3, 5
What are the prime factors of ((-52)/8 - -6)/((-1)/7586)?
3793
Suppose -5*l + 2*l + 293 = 5*z, 3*l - z - 287 = 0. Let b = 58 - 112. Let v = b + l. What are the prime factors of v?
2, 3, 7
Let p(k) = 104*k**3 - 2*k**2 + 4*k - 3. Let b be (2 + 12/(-8))/(2/4). What are the prime factors of p(b)?
103
Let h = 19 - 6. Let f = h + -11. Suppose 3*s = -f*s + 35. List the prime factors of s.
7
Let i be -2*(0 - 476/8). Let j = i + -54. List the prime factors of j.
5, 13
Let d = -19 + 9. Let b(f) = f**2 + 2*f + 21. List the prime factors of b(d).
101
Let u = 980 + -516. List the prime factors of u.
2, 29
Let m(r) be the first derivative of -r**3/3 + 3*r**2/2 - 5*r + 5. Let w be m(5). Let g = w + 27. List the prime factors of g.
2, 3
Let j(z) = 7*z**2 + 5*z - 5. Let p be j(-5). Let f = -10 + p. What are the prime factors of f?
3, 5
Let b(d) = -79*d - 46. What are the prime factors of b(-43)?
3, 1117
Suppose 0 = 2*c + 3*c - 20. Suppose c*v = 8*v - 20. What are the prime factors of 5*9 - (v + -9)?
7
Suppose -6 = -o + 1. Let d(f) = f**3 - 4*f**2 - 10*f + 13. List the prime factors of d(o).
2, 3, 5
Suppose -p = -2*q - 27, 0 = -p + 4*q + 22 - 1. Let c = p - 19. Suppose l - c - 25 = 0. List the prime factors of l.
3, 13
Let p be 2 - (0/1)/(-2). List the prime factors of (-5 + 6)*(15 - p).
13
List the prime factors of -31 + 718 - (4 + -1).
2, 3, 19
Let k(a) be the second derivative of 5*a - 11/6*a**3 + 0 - 1/12*a**4 + 3/2*a**2. What are the prime factors of k(-8)?
3
Let o = -51 + 407. Let x = 528 - o. Suppose 4*z + x = 4*i, -128 = -3*i - 0*i + 2*z. List the prime factors of i.
2, 3, 7
Let a(d) = -d**3 + 26*d**2 + 6*d + 87. What are the prime factors of a(26)?
3
Let g(b) be the first derivative of -14*b**3/3 + b**2/2 + b - 2. Let n be g(1). List the prime factors of (-4)/n - (-96)/9.
11
Let y(q) = 2*q**2 + 18*q - 11. Suppose -48*n + 13 = -49*n. List the prime factors of y(n).
3, 31
Suppose 4*c - 4598 = 2*u, 4*c + 72*u = 67*u + 4591. What are the prime factors of c?
3, 383
Suppose a + 10 = 6*a. Let i = 3 + a. Suppose -3*g = 2*r - 96, -i*r + 3*r = -4*g + 114. List the prime factors of g.
2, 3, 5
Suppose 6*f - 5953 - 1667 = 0. What are the prime factors of f?
2, 5, 127
Suppose -a = -6 + 3. Let b(j) = -5*j + 5. Let f be b(a). Let q(o) = -o**3 - 11*o**2 - 12*o - 14. List the prime factors of q(f).
2, 3
Let s be -2*(-1)/2 - -3. Suppose s*v - v = 69. Suppose 4*q = j - v, 2*j + 2*j - 17 = q. List the prime factors of j.
3
What are the prime factors of -2 + (-3538)/(-5) + (-26)/(-65)?
2, 353
Suppose -4128 = 2*i - 8*i. List the prime factors of i.
2, 43
Suppose 0 = -4*w - 3*g + 1905, 5